{"id":4574,"date":"2019-03-20T00:20:13","date_gmt":"2019-03-20T00:20:13","guid":{"rendered":"http:\/\/www.neopersona.es\/?page_id=4574"},"modified":"2019-03-24T01:20:00","modified_gmt":"2019-03-24T01:20:00","slug":"portfolio-v2","status":"publish","type":"page","link":"https:\/\/www.neopersona.es\/index.php\/portfolio-v2\/","title":{"rendered":"Portfolio v2"},"content":{"rendered":"<div class=\"wpb-content-wrapper\"><p>[vc_row][vc_column][vc_column_text]Impulsamos el desarrollo y bienestar de la persona y los equipos, desde un enfoque integral. Lo que afecta en cualquiera de los tres centros de inteligencia del ser humano (mente, cuerpo y emoci\u00f3n), repercute tambi\u00e9n en el rendimiento, implicaci\u00f3n, compromiso y resultado que la persona tiene en su trabajo.<\/p>\n<p>Te invitamos a conocer nuestros programas, talleres, seminarios:[\/vc_column_text][lab_portfolio_items css=&#8221;.vc_custom_1553041291455{background-color: #ffffff !important;}&#8221;][\/vc_column][\/vc_row]<\/p>\n<\/div>","protected":false},"excerpt":{"rendered":"<p>[vc_row][vc_column][vc_column_text]Impulsamos el desarrollo y bienestar de la persona y los equipos, desde un enfoque integral. Lo que afecta en cualquiera de los tres centros de inteligencia del ser humano (mente, cuerpo y emoci\u00f3n), repercute tambi\u00e9n en el rendimiento, implicaci\u00f3n, compromiso y resultado que la persona tiene en su trabajo. Te invitamos a conocer nuestros programas,&hellip;<\/p>\n","protected":false},"author":1,"featured_media":0,"parent":0,"menu_order":0,"comment_status":"closed","ping_status":"closed","template":"","meta":{"_acf_changed":false,"footnotes":""},"class_list":["post-4574","page","type-page","status-publish","hentry"],"acf":[],"_links":{"self":[{"href":"https:\/\/www.neopersona.es\/index.php\/wp-json\/wp\/v2\/pages\/4574","targetHints":{"allow":["GET"]}}],"collection":[{"href":"https:\/\/www.neopersona.es\/index.php\/wp-json\/wp\/v2\/pages"}],"about":[{"href":"https:\/\/www.neopersona.es\/index.php\/wp-json\/wp\/v2\/types\/page"}],"author":[{"embeddable":true,"href":"https:\/\/www.neopersona.es\/index.php\/wp-json\/wp\/v2\/users\/1"}],"replies":[{"embeddable":true,"href":"https:\/\/www.neopersona.es\/index.php\/wp-json\/wp\/v2\/comments?post=4574"}],"version-history":[{"count":5,"href":"https:\/\/www.neopersona.es\/index.php\/wp-json\/wp\/v2\/pages\/4574\/revisions"}],"predecessor-version":[{"id":4578,"href":"https:\/\/www.neopersona.es\/index.php\/wp-json\/wp\/v2\/pages\/4574\/revisions\/4578"}],"wp:attachment":[{"href":"https:\/\/www.neopersona.es\/index.php\/wp-json\/wp\/v2\/media?parent=4574"}],"curies":[{"name":"wp","href":"https:\/\/api.w.org\/{rel}","templated":true}]}}